e the prime factors of 987968803?
1453, 679951
List the prime factors of 1355795421.
3, 23, 41, 11689
What are the prime factors of 1855966458?
2, 3, 389, 795187
List the prime factors of 283128399.
3, 67, 156511
What are the prime factors of 26429807?
3001, 8807
List the prime factors of 629142415.
5, 11, 11438953
List the prime factors of 2498626337.
17209, 145193
What are the prime factors of 555766164?
2, 3, 47, 103, 1063
What are the prime factors of 1188850621?
7, 29, 5856407
What are the prime factors of 1488426711?
3, 29, 73, 234361
What are the prime factors of 545221770?
2, 3, 5, 18174059
List the prime factors of 15980842.
2, 1231, 6491
What are the prime factors of 80985004?
2, 41, 493811
What are the prime factors of 90021899?
11, 8183809
List the prime factors of 3831966151.
13, 19, 73, 461
What are the prime factors of 303514453?
11, 27592223
List the prime factors of 91406001.
3, 73, 417379
What are the prime factors of 4378688619?
3, 229, 6373637
What are the prime factors of 60344928?
2, 3, 7, 37, 809
What are the prime factors of 29499478?
2, 23, 61, 10513
What are the prime factors of 218757588?
2, 3, 7, 2604257
What are the prime factors of 4689462494?
2, 41, 1231, 46457
What are the prime factors of 831887030?
2, 5, 13, 43, 148817
What are the prime factors of 394274744?
2, 17, 2899079
What are the prime factors of 57038629?
1399, 40771
What are the prime factors of 530704954?
2, 13, 431, 3643
List the prime factors of 59578385.
5, 101, 117977
What are the prime factors of 3346764516?
2, 3, 92965681
List the prime factors of 87614459.
53, 1653103
What are the prime factors of 63438760?
2, 5, 7, 11, 43, 479
List the prime factors of 725129789.
1283, 565183
What are the prime factors of 171274351?
171274351
List the prime factors of 36352899.
3, 11, 367201
List the prime factors of 205161967.
17, 41759
List the prime factors of 51484392.
2, 3, 383, 1867
List the prime factors of 30881986.
2, 263, 58711
List the prime factors of 5424630723.
3, 89, 2257441
What are the prime factors of 1531101367?
35801, 42767
List the prime factors of 3190750363.
61, 131, 227, 1759
What are the prime factors of 116861086?
2, 58430543
List the prime factors of 395839501.
395839501
List the prime factors of 861602286.
2, 3, 1667, 86143
List the prime factors of 236826435.
3, 5, 15788429
What are the prime factors of 233953125?
3, 5, 7, 23, 31
List the prime factors of 394161093.
3, 14598559
What are the prime factors of 54423227?
29, 47, 39929
List the prime factors of 73124874.
2, 3, 4062493
What are the prime factors of 399429970?
2, 5, 19, 47, 44729
What are the prime factors of 392826648?
2, 3, 16367777
What are the prime factors of 113283907?
11, 10298537
What are the prime factors of 91050643?
109, 835327
What are the prime factors of 246657366?
2, 3, 953, 4793
What are the prime factors of 2548155746?
2, 1274077873
List the prime factors of 31397353.
13, 43, 56167
List the prime factors of 120022403.
907, 132329
List the prime factors of 954921390.
2, 3, 5, 31830713
What are the prime factors of 1084115377?
5233, 207169
List the prime factors of 208819595.
5, 19, 107, 20543
What are the prime factors of 429144593?
429144593
List the prime factors of 1304006535.
3, 5, 13, 171467
What are the prime factors of 797365335?
3, 5, 13, 41, 99733
List the prime factors of 408059959.
17, 641, 37447
List the prime factors of 322649217.
3, 11, 1086361
List the prime factors of 100999277.
41, 137, 17981
What are the prime factors of 312237239?
31, 10072169
What are the prime factors of 5080406175?
3, 5, 13, 23, 37, 157
What are the prime factors of 97773600?
2, 3, 5, 40739
List the prime factors of 2069060300.
2, 5, 20690603
List the prime factors of 57094995.
3, 5, 3806333
List the prime factors of 50253042.
2, 3, 7, 1196501
List the prime factors of 1399911183.
3, 11, 14140517
What are the prime factors of 218504642?
2, 109252321
What are the prime factors of 92778417?
3, 1193, 8641
What are the prime factors of 44515571?
17, 1511, 1733
What are the prime factors of 292352680?
2, 5, 7308817
What are the prime factors of 191626897?
7, 11, 50789
What are the prime factors of 874354710?
2, 3, 5, 17, 1714421
What are the prime factors of 22585472?
2, 7, 13, 277
What are the prime factors of 1514122570?
2, 5, 71, 2132567
List the prime factors of 250816034.
2, 7, 53, 338027
List the prime factors of 94812782.
2, 191, 248201
What are the prime factors of 2939512307?
2939512307
What are the prime factors of 3458045617?
13, 241, 1103749
What are the prime factors of 54064552?
2, 6758069
List the prime factors of 4837717955.
5, 7, 138220513
What are the prime factors of 26480313?
3, 2942257
List the prime factors of 90611129.
7, 293, 44179
What are the prime factors of 105680269?
59, 1791191
List the prime factors of 1338102049.
181, 281, 26309
What are the prime factors of 141859467?
3, 41, 109, 3527
What are the prime factors of 199263855?
3, 5, 7, 1897751
What are the prime factors of 322597263?
3, 107532421
What are the prime factors of 62389235?
5, 17, 733991
What are the prime factors of 327159003?
3, 103, 1058767
List the prime factors of 158044506.
2, 3, 26340751
What are the prime factors of 93598458?
2, 3, 15599743
What are the prime factors of 95314159?
131, 727589
List the prime factors of 360179672.
2, 67, 367, 1831
List the prime factors of 212933854.
2, 7, 31, 490631
What are the prime factors of 200337278?
2, 29, 3454091
List the prime factors of 97804801.
37, 643, 4111
List the prime factors of 101394129.
3, 43, 786001
What are the prime factors of 236393057?
23, 10277959
What are the prime factors of 1170919159?
101, 11593259
List the prime factors of 172347352.
2, 31, 487, 1427
List the prime factors of 450174462.
2, 3, 75029077
What are the prime factors of 74964862?
2, 7, 5354633
List the prime factors of 70795167.
3, 23598389
What are the prime factors of 7851755?
5, 1570351
What are the prime factors of 394163901?
3, 4866221
List the prime factors of 7310487766.
2, 19, 31, 113, 54919
List the prime factors of 4031904770.
2, 5, 403190477
List the prime factors of 213718051.
213718051
List the prime factors of 62708614.
2, 17, 29, 63599
What are the prime factors of 579532387?
7, 79, 1047979
List the prime factors of 16160341.
3931, 4111
What are the prime factors of 149252677?
7, 435139
What are the prime factors of 92392878?
2, 3, 307, 50159
What are the prime factors of 1726392804?
2, 3, 143866067
List the prime factors of 527048990.
2, 5, 13, 733, 5531
List the prime factors of 56104845.
3, 5, 17, 220019
List the prime factors of 308514626.
2, 7, 22036759
List the prime factors of 80706022.
2, 509, 79279
What are the prime factors of 265292953?
19, 3137, 4451
List the prime factors of 264393182.
2, 132196591
What are the prime factors of 4941612071?
11, 17, 31, 37, 23039
What are the prime factors of 2130232757?
2130232757
List the prime factors of 2465631488.
2, 9631373
List the prime factors of 244957954.
2, 29, 4223413
List the prime factors of 2994135038.
2, 1497067519
List the prime factors of 53275857.
3, 971, 18289
What are the prime factors of 5937079996?
2, 89, 16677191
List the prime factors of 141598642.
2, 70799321
List the prime factors of 272906434.
2, 53, 2574589
List the prime factors of 1653130960.
2, 5, 13, 122273
What are the prime factors of 299903211?
3, 89, 163, 2297
List the prime factors of 14925218.
2, 7, 11, 17, 5701
List the prime factors of 1172457082.
2, 586228541
List the prime factors of 567787054.
2, 101, 2810827
What are the prime factors of 119782180?
2, 5, 7, 29, 163, 181
List the prime factors of 1504708636.
2, 376177159
List the prime factors of 1864802494.
2, 167, 1583, 3527
List the prime factors of 74948526.
2, 3, 59, 70573
List the prime factors of 275230022.
2, 2281, 60331
What are the prime factors of 41383979?
7, 13, 9281
What are the prime factors of 28176352?
2, 43, 20477
List the prime factors of 242490019.
3049, 79531
What are the prime factors of 1058131451?
13, 19, 79, 211, 257
List the prime factors of 903295930.
2, 5, 61, 691, 2143
List the prime factors of 1533019926.
2, 3, 255503321
What are the prime factors of 264854097?
3, 103, 131, 727
List the prime factors of 83187429